 + -1 - (3 - (7 - 1))?
-4
Calculate -2 + 7 - (10 - 14) - 7.
2
What is -4 - (0 + -2) - -4?
2
What is -6 + (0 - -3) + (-1 - -1)?
-3
What is the value of -12 + 12 - (-2 + 1 + 4)?
-3
(-10 - (-9 + 4)) + 5
0
-4 + (-2 - (-9 - -2)) - 5
-4
What is the value of -5 - (1 + 2 + -6)?
-2
What is the value of 14 + -1 + -2 - (38 + -31)?
4
What is -12 - -8 - -1 - (-6 + 0)?
3
What is the value of (-18 + 20 - (-1 + 5)) + 5?
3
Evaluate (0 - -4 - 2) + 59 + -62.
-1
Evaluate (2 - (1 - 2)) + 3 + -3.
3
Evaluate 2 + (-7 - -3) - -10 - 6.
2
What is the value of -5 + 0 + -11 + 12?
-4
What is (0 - (-2 + -1 - -1)) + -1?
1
Calculate 15 - (-2 + 21) - (4 - 1).
-7
Calculate 5 - (2 - -2) - (-1 - 0).
2
-6 - (-8 + (10 - 7))
-1
What is the value of 12 + -11 - (0 + 1)?
0
Calculate -1 + (-2 - -3) - 3.
-3
Calculate -6 + (11 - (13 - 7)).
-1
Evaluate -11 + (16 - (-8 - -16)) - 2.
-5
Evaluate (3 - 2) + (119 - 131).
-11
What is -6 + 13 - (1 + 8)?
-2
What is the value of 4 + -1 - (28 - 23)?
-2
14 - (-5 + 2 - -6) - 5
6
Evaluate 4 - 3 - (2 - -2).
-3
-7 + 6 + 5 + -3
1
1 + -3 + 0 + 5 + -1
2
Calculate (1 + 0 - -1) + 8 + -8.
2
What is 2 - (12 - 7 - (2 + 4))?
3
Evaluate 7 + 0 + -11 - (-2 - -4).
-6
Calculate -2 + 5 + 1 + -9.
-5
4 - (-9 + 11 + 5)
-3
Calculate 6 + 1 + (-6 - -3).
4
Evaluate 4 + -4 + -4 + 1 + 6.
3
What is 5 + -1 + (-72 - -64)?
-4
What is the value of -1 + (-6 + 2 - -4) + 6?
5
Calculate 5 - (3 - (4 + -2 + -5)).
-1
Evaluate 15 - 23 - -8 - (-1 - -7).
-6
Calculate -9 - (-2 - -1) - (138 + -144).
-2
Evaluate (3 - 0) + -3 + (-1 - -3).
2
What is (-3 - (2 - 6)) + 4?
5
(-6 - (-25 - -9)) + (3 - 8)
5
Calculate -6 + (-15 - 5 - -15).
-11
0 - (1 + (-3 - 1))
3
What is (6 - 1) + 0 + (46 - 50)?
1
10 - (9 - 1) - -1
3
What is 6 - (10 + -3) - 1 - 4?
-6
Evaluate -7 + (0 - (3 + -9)).
-1
Calculate 2 + 0 + (3 + 6 - 6).
5
What is (2 + 0 - -1) + -8 + 3?
-2
What is 4 + (-6 + 8 - (1 - -5))?
0
Calculate -51 - -50 - (1 - -1).
-3
-2 + (5 - 3) + (1 - 2)
-1
Evaluate 8 - (-4 + 7) - 4.
1
Calculate 6 + (-13 - -9 - 6).
-4
0 + -4 + -2 + (10 - 5)
-1
What is 11 - -3 - 4 - (0 - -3)?
7
Evaluate 3 + (-6 - -1 - (-3 - 3)).
4
-5 - (-3 + (-7 - -1))
4
What is (-2 - 3) + (5 - -3)?
3
What is -10 + 2 + 7 + -4?
-5
What is the value of -1 + 3 + (9 - 16)?
-5
3 - (-1 - -4 - (-2 - 2))
-4
What is 11 + (-1 - (4 + 2))?
4
What is (-1 - (12 - 20)) + -7?
0
What is the value of 4 + -2 - ((-1 - -3) + 0)?
0
-5 + 13 + -4 + -3
1
Calculate -2 + -4 + 3 + -1.
-4
Evaluate -11 + (16 - (-2 - -4)).
3
Evaluate 7 + -9 + 3 - (0 + -4).
5
What is the value of 2 + (1 - 5) + (9 - 2)?
5
2 + (-4 - (-7 - -4 - -1))
0
Evaluate 2 + -7 + 7 + -7.
-5
What is the value of (-1 - 5) + (-22 - -33)?
5
2 - 0 - 2 - (3 + -1)
-2
-1 + (3 - -8) + -7
3
Calculate 3 + 0 - (1 + -2).
4
Calculate 1 - (-2 - -4 - -1) - 0.
-2
What is the value of 7 + -5 - (-10 + 3 + 4)?
5
What is -6 + 7 + -5 + (4 - 0)?
0
Evaluate 5 + -1 + (-85 - -80).
-1
What is the value of 1 + -12 + 7 + 12?
8
-1 - (0 + 1 - (-2 - -5))
1
Evaluate (9 - (4 + 0)) + -2 + 0.
3
Calculate (1 - 2) + -3 + (1 - 0).
-3
Evaluate 14 + -2 + -5 - 10 - -11.
8
Calculate -4 - ((11 - 8) + (-3 - 0)).
-4
Calculate -3 + (-2 - -1) + -69 + 78.
5
What is 13 + 9 + (1 - 13)?
10
What is 3 + -2 - (1 - -2)?
-2
What is the value of (1 - (4 + -4)) + 0?
1
What is the value of -5 + -1 + 5 - (4 + 0)?
-5
What is the value of 27 + -22 + (-7 - (-1 + -1))?
0
What is the value of 0 + 1 + -6 + 6?
1
11 + -11 + 4 - (-2 - -9)
-3
Calculate (11 - 12) + (1 - 9) + 4.
-5
What is the value of (55 - 65) + (2 - 0)?
-8
Evaluate (-1 - 2 - (0 + -1)) + 3.
1
Evaluate 2 + -7 + 6 + -8.
-7
Calculate -3 + -7 + 4 + 0 + 4.
-2
What is (-1 - ((-4 - -1) + -1)) + 2?
5
Evaluate 10 + (-8 - 5) + 9.
6
(7 - (10 - 4)) + (-3 - -1)
-1
4 + (0 - (3 - -4)) + -2
-5
What is the value of 4 + -1 - (-5 + 0 + 13)?
-5
11 + -14 + 6 + 0 + 6
9
Evaluate (0 - -10) + -3 - (-5 + 7).
5
What is the value of 1 + -3 + 6 + -9?
-5
Calculate 1 - (2 + -1) - (19 - 23).
4
Calculate 11 + (-5 - (-2 - -3)).
5
What is 10 + -1 + (-4 - 2)?
3
What is 4 - 2 - (1 + 0)?
1
Calculate (-3 - -6 - 0) + -3 + -2.
-2
What is -2 + 2 - (-3 + 0 + 5)?
-2
What is the value of 1 - (-6 + 1 - (0 + -2))?
4
What is the value of 5 + 5 + 1 + -7?
4
-14 + 0 - (-5 + (-3 - 0))
-6
What is the value of -4 - (2 + (-4 - 1))?
-1
Evaluate (-1 - (6 + -11 + -4)) + -3.
5
Evaluate (19 - 16) + (-2 - 0).
1
What is 17 + -19 - (1 - 3)?
0
Evaluate -1 - (5 + -10) - 7.
-3
(6 - 2) + -4 + 1
1
What is 11 + (11 - (-8 - -27))?
3
What is the value of -13 + 1 + 11 + (1 - 0)?
0
(-2 + 7 - (-1 - -2)) + -3
1
Evaluate (56 - 59 - (-1 - -5)) + 13.
6
What is the value of (-6 - -8 - (3 - -3)) + 6?
2
Evaluate (3 - 0) + (-1 - 6) + 6.
2
-1 - (3 + -2) - -1
-1
Evaluate -11 + -5 + -1 + 15.
-2
Evaluate 1 + -11 + (3 - -3).
-4
What is the value of -1 + (-3 - 2) + 1 + -4?
-9
Evaluate (6 - 0) + -10 - -2 - 5.
-7
What is -1 + 11 + 64 + -69?
5
Calculate -9 + 6 + (-4 - (-2 + -6)).
1
Evaluate (-4 - -8) + -3 - 5.
-4
Evaluate 4 - (7 + 1 - (-8 + 11)).
-1
Evaluate -2 + -2 - (-3 - (-8 - -5)).
-4
What is (-7 - -19) + -5 + -13?
-6
Evaluate -6 + -3 + 6 - (-1 - -1).
-3
Evaluate 33 + -46 + (24 - 3).
8
What is 4 + 0 + -17 + 8?
-5
Calculate 5 - 1 - (32 - 28).
0
What is the value of -113 - -114 - (-2 - (-7 - 0))?
-4
Evaluate -6 + (4 - 4) + (-4 - -17).
7
10 + -3 - (2 - -1)
4
What is the value of -20 + (16 + 7 - 11)?
-8
-1 + -2 + 2 + -2 + 5
2
What is the value of 10 - (3 - 8 - -23)?
-8
Evaluate 44 + -47 - (0 - -4).
-7
3 - (-1 - (-3 - -5 - 5))
1
Calculate -4 + 4 - 2 - (0 + 0).
-2
What is the value of (-2 - 4) + 13 + -4?
3
What is (12 + -4 - 12) + (1 - -2)?
-1
What is the value of 2 - 3 - (0 + (7 - 3))?
-5
What is the value of (36 - 30 - (7 - 0)) + -8?
-9
What is the value of 0 - (-1 + -1 + 1 + 4)?
-3
What is 2 - (-4 - (8 + -4 - 10))?
0
Evaluate -2 + 6 + -2 + 3.
5
Evaluate 5 - ((0 - (-10 + 5)) + -5).
5
Calculate -7 + (-6 + 15 - 0).
2
What is 8 + 0 + -4 - 0?
4
Evaluate 0 - (-3 + (-2 + 3 - -2)).
0
Evaluate (6 - -1) + -10 + (2 - -2).
1
-20 + 16 + (-7 - (-3 + 1))
-9
1 + (8 - 6) - -2
5
What is -5 + -2 + 4 + -3 + 2?
-4
Evaluate -13 + -1 + 2 + 6.
-6
Evaluate 7 + (1 - 15) + 3.
-4
What is -12 - ((0 - 5) + 2)?
-9
What is 3 - -4 - 4 - 6?
-3
Evaluate -3 - (-6 - -4 - -3).
-4
Evaluate -4 + (4 - (-4 - -5)).
-1
Calculate 3 - (-6 + 1 - -4).
4
-5 + -1 + 4 + 1
-1
What is the value of 6 - (-3 + 9 + -2) - -3?
5
Evaluate (-1 - -1) + 3 - (40 + -42).
5
What is -8 - (0 - (4 - 2))?
-6
What is (-54 - -63) + -1 + -16?
-8
Calculate (-8 - -5) + 1 - -7.
5
Evaluate 5 + (4 - 7 - 0) - -1.
3
Calculate -1 - (4 + -7) - 5.
-3
Calculate 62 + -51 + -18 + -2.
-9
What is -1 - 8 - (48 + -50)?
-7
What is the value of (2 + -4 - 0) + 3?
1
Calculate 10 - (4 - 2 - -7).
1
Calculate (0 + -4 + 4 - 1) + -2.
-3
Evaluate 28 + -5 + -13 - 13.
-3
What is the value of -4 + 0 + 20 + -25 - -4?
-5
What is the value of (2 - -6) + -23 + 18?
3
What is 4 + -1 + -1 + -3 + 0?
-1
Calculate 20 + -24 - (-13 + 3).
6
What is the value of 0 + (1 - (2 - 4))?
3
Calculate -4 - (-2 - -1 - 0) - 2.
-5
What is the value of 0 + -4 + 7 + 0 + -1?
2
What is the value of -3 - (0 - (-1 + -2 - -3))?
-3
What is (-59 - -53) + (-1 - 0)?
-7
What is the value of (-8 - -5) + 3 + 2 + -1?
1
Evaluate 1 - 11 - -11 - (-6 + 1).
6
-3 + 5 - (0 + -2 + -1)
5
(1 - (11 - 6)) + 2
-2
12 + -6 + 0 + -4
2
What is (0 - (5 - 6)) + (1 - 4)?
-2
What is the value of -7 + -5 + 8 - 2?
-6
5 - (3 + 1 + 0)
1
Calculate 0 + -1 + 2 + -4.
-3
What is the value of -3 + (1 - -2) - -1?
1
What is the value of (-2 - 0) + (-16 - (-17 + 3))?
-4
Evaluate 6 + (-2 - (-1 - -1)) + 2.
6
What is (-1 - 3) + 7 + -4?
-1
Calculate 0 - ((0 - 1) + 3).
-2
What is (3 - (17 - 8)) + 1?
-5
2 - (0 + 3 + 1)
-2
(5 - 0) + -7 + 0
-2
What is the value of 10 + (-6 - 0 - (-1 + 0))?
5
Calculate 5 - (-7 + 10) - 4.
-2
What is -2 + (-19 - -9) - -20?
8
-13 - -11 - 11 - -8
-5
What is 2 + (-2 - -5 - 8)?
-3
What is 94 - 84 - (1 - 1)?
10
Calculate 8 + -4 + (2 - (3 - 1)).
4
-7 - (1 + -10 - (16 - 10))
8
Calculate (-4 - 3 - -6) + -2.
-3
Evaluate -2 + 4 + -1 + 1 - 2.
0
Calculate 6 + -6 + 5 + 1.
6
4 + 6 + (-9 - 7)
-6
What is 0 - (-6 - -8 - 1)?
-1
Evaluate 7 + -6 + -14 + (0 - -7).
-6
-1 - 2 - (0 + -1) - 3
-5
What is 8 - 7 - (-1 + 0)?
2
Calculate (-1 - (-3 - 3)) + -6.
-1
What is the value of -2 - 3 - (-14 + 3 + 0)?
6
Calculate 0 + (-10 - (-3 - 0)) + 10.
3
Evaluate (-1 - 1) + (-16 + -2 - -17).